 + (0 - 5)
-9
(4 - 2 - -12) + 259 + -257
16
What is 23 + -9 - 27 - (-4 - 3) - -19?
13
What is -3 - ((-10 - -4) + -2) - 5?
0
Evaluate 4 + (-2 - 7 - (8 + -4 + -25)).
16
Calculate (10 - 1) + (0 - 4 - -1).
6
What is the value of (10 - 5) + -24 - (-5 - 1 - -4)?
-17
What is the value of -8 + (-21 - -45 - (-2 + 13))?
5
Evaluate 6 - 9 - (2 - 5) - -1.
1
Evaluate 6 - (-4 + 16) - (-3 - 20 - 3).
20
(8 - (3 - 8) - (2 - 2)) + -7
6
Calculate (-5 - 0 - -5 - -2) + -12.
-10
Evaluate 4 - (3 + -2 + (-8 - -5 - -4)).
2
Evaluate -20 + (12 + -4 - ((-8 - -9) + 4)).
-17
Evaluate 21 + -14 + (-12 - -20).
15
What is the value of -27 + 2 + 2 - -15?
-8
Calculate (-9 - 0 - -2 - (-54 - -64)) + 12.
-5
Evaluate -18 + 5 + 16 + 7.
10
(0 - 4) + (5 + -1 - (39 - 29))
-10
Calculate 79 + (8 - 79) - (8 + 0).
0
Evaluate (11 - (9 + -21 + 16)) + 22.
29
What is the value of (5 - (-33 - -16 - -43)) + 14?
-7
What is the value of (9 - (7 + -13 - 6)) + -2?
19
What is (3 - -2) + -4 + (-4 - (3 - 6))?
0
What is the value of (7 - 3) + (0 - 3) - 5?
-4
Calculate (25 - 14) + -12 + 8.
7
Calculate 1 - (-2 - 0 - (1 - 7)).
-3
What is the value of -33 + (39 - 49) + 66?
23
9 - (23 - (24 - 39))
-29
Calculate -4 + (32 - 14) + -11.
3
What is 1 + 7 + -11 - -14?
11
What is the value of (17 - 4) + -4 + (17 - 6) + 1?
21
Evaluate (33 - (41 + -6)) + 0 + 4.
2
Calculate 351 + -365 - (1 + -2 + 13).
-26
Calculate 23 + (-8 - -17) + -11 - 2.
19
11 - 5 - -3 - 6 - 14 - -4
-7
-5 + (-27 - -18) + 7
-7
What is the value of -9 + 0 - (-8 - -5)?
-6
Evaluate -8 - (-14 + 10 - (0 - (8 - 1))).
-11
What is the value of (-17 + (-4 + 1 - -5) - -5) + -13?
-23
What is (-1 - -3) + 6 + -8?
0
-21 + (0 - (17 + -17)) - 8
-29
What is 19 + (20 - 39) + -10?
-10
What is the value of -1 + (1 - 2) - 1 - (-8 - -4)?
1
What is the value of -9 + -13 + (20 - 8)?
-10
-1 - (15 + (-34 - -18))
0
Calculate 4 + 3 + -30 + 3 + -14.
-34
Evaluate 15 - 0 - (-1 + (-9 - (-21 + 14))).
18
What is the value of -2 - ((1 - -3) + -10) - 4?
0
What is -38 - -28 - 1 - 4?
-15
What is 13 + 12 + 16 + -46?
-5
(2 - 0 - (-42 + 11)) + (8 - 15)
26
What is the value of -34 + (3 + 11 - 2 - (-42 - -61))?
-41
1 - 7 - (-3 + -2 - (32 - 51))
-20
-18 - (-16 - -5) - (-23 - -2)
14
What is -36 - (1 + 16 - 34)?
-19
Evaluate -20 - (2 - 14 - 27).
19
What is the value of ((3 - -3) + -5 - 7 - 10) + -4?
-20
Calculate 23 + (2 + -5 + 6 - 9).
17
Evaluate -9 + (17 + -12 - (-1 - 3)).
0
Calculate -19 - (-2 - (12 - ((-8 - -11) + 1))).
-9
Calculate 17 + -2 + (-14 + 45 - 45).
1
What is the value of 19 - (8 + -1 + 0 + (1 - 6))?
17
What is (15 + -25 - -4) + -13 + 46?
27
Evaluate (177 - 147) + -56 + 0.
-26
-9 + -22 - -39 - 43
-35
What is the value of 357 + -344 - (-1 - -12)?
2
What is 12 + (-26 + 25 + 2 + -9 - -14)?
18
What is the value of 8 + (-159 - -120) + 0 + -3?
-34
What is the value of (-4 + (0 - -1) - -6) + -4 + 5?
4
(1 - (1 - -1) - -5) + (-43 - -30)
-9
What is -1 - (3 + 6) - (10 + -2 - 2)?
-16
Calculate -1 + 3 + -123 + 125 - -3.
7
What is the value of (-8 + (-12 - (0 + -3)) - -5) + 12?
0
Evaluate 12 + (7 - (50 - 6)) - -12.
-13
What is -3 - (-17 - (-15 + -1))?
-2
Calculate -3 - (4 + (8 - (5 - 4))).
-14
What is -15 + 36 + (20 - 32) + -4?
5
(-2 - 10) + 30 - 8 - 19
-9
What is the value of 90 - 88 - (8 + -1 - (-4 - -8))?
-1
What is -7 + (-9 - -5) + 2 + (-3 - -12)?
0
7 - (18 - 2) - (-1 + (3 - 3))
-8
What is (1 - (5 - 8)) + (-5 - -4)?
3
Calculate 18 + -4 - (35 + -20).
-1
Calculate -4 - (-57 + 40 - (-2 + -15)).
-4
Calculate 12 + -13 + -34 + 8 + -4 + 8.
-23
What is -1 + 0 + (18 - 26)?
-9
-19 + 46 - 24 - (-1 + (-5 - -2))
7
Evaluate 4 + (5 - 29) + 5 + 2 + -2.
-15
What is 5 - -8 - (-29 - (-17 - 3))?
22
What is -26 + 56 + -13 + 11?
28
What is -1 - -7 - ((22 - 12) + 3)?
-7
What is -7 + 82 + -76 + -23 + 1?
-23
Evaluate -19 - (17 - 19 - 24).
7
-11 - ((15 - (-2 + 5)) + -113 + 125)
-35
What is the value of -32 - (-26 - -5) - -7?
-4
Calculate 4 + -10 + 2 + (56 - 66).
-14
Evaluate (-3 + 8 - (22 - 18)) + 6.
7
Calculate 30 + (16 - (44 - 10)) - 16.
-4
Evaluate -2 + (-39 - -15 - -22).
-4
19 - (-2 + 9 + -12) - 10
14
Evaluate 7 - 5 - -5 - -2 - (26 - -21).
-38
What is the value of 18 + (-13 - (5 - 11) - (2 + -5))?
14
Evaluate 9 - (8 + -20 - (-5 + 8)) - 5.
19
What is the value of -6 - -6 - (8 + (-9 - 0))?
1
(-14 - -2) + 3 - (-30 - -34)
-13
Evaluate 3 + -12 + 22 - 11.
2
Evaluate -22 + -8 + 11 + 0 + -2 + 6.
-15
-40 - (-45 + -11 - -12)
4
What is the value of -7 + (-13 + 4 - -3 - (59 - 88))?
16
Calculate 23 + -59 + 36 + 1 + -3 + -2.
-4
What is (0 - -4) + -1 + 24 + -30?
-3
-12 - (3 - ((4 - 7) + 6))
-12
What is the value of -4 + (-7 + (4 - 0 - 0) - 4)?
-11
Evaluate 8 - (-11 - (-25 + 3)).
-3
(16 - (4 - 1)) + (-1 - 5)
7
What is the value of 79 + -71 + 7 + (-2 - -2)?
15
(13 - (9 - (9 + -6))) + (-2 - 19)
-14
What is the value of 97 + -83 + (1 - 5) + (1 - 0)?
11
Evaluate 25 + 5 + -19 + -5.
6
Evaluate -9 + 12 - (1 + 2) - 4.
-4
What is (-2 - (-2 - 4)) + (-9 - (-2 + 7))?
-10
Evaluate -385 + 405 + -22 + 1.
-1
9 + (17 - (-3 - (-8 - 2) - 1))
20
Evaluate 15 + (-39 - -29) + 3 + 2.
10
What is -25 + (26 + -11 - -8)?
-2
-19 + 3 - (-1 + (-2 + 0 - -1))
-14
What is (-11 + 11 - 22) + 37?
15
Evaluate -6 - (-8 - -21) - -6 - -1.
-12
Evaluate (-6 - -6) + (2 - -1) + (94 - 92).
5
12 + -24 + 19 + 1 + -40
-32
-7 + 7 + 1 + (-11 - -15)
5
What is the value of 5 - (-4 - 0 - (0 + -4 + 7))?
12
What is -9 + 3 - 7 - (3 - (3 - 0))?
-13
What is -9 + 14 + (-1 + -9 - (4 - 3))?
-6
Evaluate 13 + 4 + (-6 + 3 + -4 - 0).
10
What is the value of 5 - (-4 + 0) - 5 - 5?
-1
(-5 - 0) + (-35 - (-101 - -54))
7
Evaluate (-16 - -5 - -5) + 13.
7
What is the value of (14 - 4) + -5 + 8?
13
What is -1 + -10 + -25 + 6 + 11?
-19
What is (-1 - (-7 + 14)) + 6 + -4?
-6
Calculate -11 - -1 - (-52 + 28).
14
What is 5 + (17 - (30 + 4))?
-12
What is the value of 17 + (21 - -4 - 54)?
-12
What is the value of 3 + -24 + (-26 - -34)?
-13
1 + -11 - (-32 + 11 - (34 - 39))
6
0 - (27 + -9 + -16)
-2
What is 6 + 36 + -7 - 20?
15
Calculate 15 - (-8 - 0 - (5 + -9)).
19
Evaluate -8 - (69 + -16 - 31).
-30
What is (-5 - -1) + -1 + (428 - 450)?
-27
What is -52 - (-42 + 24 + 5)?
-39
Evaluate 17 + -22 + 13 + -10 - -38.
36
0 + 18 + -17 + 0
1
Calculate 8 + -2 + 24 + -4 + -20.
6
Evaluate -4 + -8 + 10 + -4 - -4.
-2
What is the value of -675 + 663 - (1 - 8)?
-5
What is the value of 4 + -30 + ((-3 - -16) + -2 - 5)?
-20
Calculate -2 - (57 + -57 - (7 - 0)).
5
0 + -13 - (-6 + 8 + -10)
-5
What is -3 + (-6 + 2 + -8 - -8)?
-7
Calculate (-19 + (-8 - -15) - -30) + -10.
8
Calculate (86 - 78) + 0 + 1.
9
What is -67 - -54 - (1 + -21)?
7
Calculate (-10 - -22) + -3 + -1 - (2 - 8).
14
What is the value of 5 - (2 + (7 - 9) + -8)?
13
What is (-8 - 2) + (-184 - -225)?
31
Evaluate 26 - (-5 + -6 - -25).
12
-7 + (11 - 13) + 7
-2
Evaluate 4 + (3 - (3 + -2)) - 6.
0
-12 - (2 - (-6 + 4) - 6) - -1
-9
Calculate (-13 + 6 - -39) + -13 + 1.
20
What is the value of -2 + (38 - 56) + 12 + 0?
-8
What is the value of 16 - ((-3 - 1 - (28 + -31)) + 6)?
11
(0 - (8 + 14)) + -3 + -4
-29
What is the value of 14 + 21 + 2 - 52?
-15
3 - (-2 - (-22 - -20))
3
What is -18 - (-38 + 7 + 16)?
-3
Calculate (18 - 51) + 5 + 10.
-18
What is 30 - (14 - 6) - 7 - 0?
15
Calculate -14 + (-14 - -7) + 11.
-10
What is 193 + -198 - (-4 - (-4 - (-3 - -1)))?
-3
What is the value of -77 - -10 - -59 - (-14 + -2)?
8
What is the value of -43 - -29 - (4 + 2) - -8?
-12
What is -1 - 6 - (-55 + 51)?
-3
9 + (-29 - -17) - -5
2
0 + -1 - (-17 - (31 - 49))
-2
What is the value of (10 - -15) + -17 + 1 + 1?
10
Calculate -76 - (-83 + 38) - -17.
-14
What is 0 + (15 - -2) + -2?
15
What is 85 - 73 - (1 - (-3 - 1))?
7
-7 + (6 + 0 - (24 + -21) - -13)
9
What is 11 - 2 - (42 - 42 - 5)?
14
(2 - 22) + -566 + 576
-10
Calculate -2 - -4 - 15 - (438 - 464).
13
What is the value of 8 + (-8 + 10 + 2 - 10)?
2
Calculate (-29 - -51 - 27) + 19.
14
What is the value of 512 + -503 - (-1 + -7)?
17
What is -25 - -17 - -22 - (-2 - -2)?
14
What is the value of 6 - 10 - -6 - 6?
-4
Evaluate -24 + (22 + 12 - 3).
7
-1 - (197 + -191 + -15 + (1 - 0))
7
What is 15 - -2 - (65 + -59) - -27?
38
Evaluate 0 + 8 + -9 + (-5 + -2 - 11).
-19
Evaluate (10 - (-9 + 18) - 10) + (-3 - -2).
-10
Evaluate (-26 - -15) + 21 - 11.
-1
What is the value of -9 - -5 - (-5 - (-12 - 11))?
-22
Evaluate -9 - (0 + -9 + -112 + 110).
2
Evaluate (-1 - -7) + -61 + 5